{"id":10,"date":"2009-11-02T22:04:51","date_gmt":"2009-11-02T21:04:51","guid":{"rendered":"http:\/\/blog.forefront-tmg.de\/?page_id=10"},"modified":"2022-01-14T13:26:16","modified_gmt":"2022-01-14T12:26:16","slug":"impressum","status":"publish","type":"page","link":"https:\/\/blog.forefront-tmg.de\/?page_id=10","title":{"rendered":"Impressum"},"content":{"rendered":"<p><strong>Domaininhaber<\/strong><\/p>\n<p>Karsten Hentrup<br \/>\nAm Friedrich 12<br \/>\n52074 Aachen<br \/>\nFon: 0160 4743727<br \/>\nE-Mail: hentrup(at)forefront-tmg(dot)de<br \/>\nUmsatzsteuer-ID: DE 238785406<\/p>\n<p>Die Informationen auf unserer Webseite d\u00fcrfen weitergegeben werden, solange dies<\/p>\n<ul>\n<li>unentgeltlich,<\/li>\n<li>vollst\u00e4ndig und<\/li>\n<li>UNVER\u00c4NDERT unter Angabe der Herkunft geschieht.<\/li>\n<\/ul>\n<p>Eine weitere Weitergabe, Vervielf\u00e4ltigung und Verwertung, auch in Teilen, bedarf unserer vorherigen schriftlichen Zustimmung.<\/p>\n<p>Nachdruck, \u00dcbersetzung, Speicherung sowie sonstige Verwertung von Texten, Bildern und sonstigen Inhalten unserer Webseite sind nur mit unserer schriftlichen Genehmigung erlaubt.<\/p>\n<p>Wichtiger Hinweis: Die \u00dcberpr\u00fcfung der auf dieser Webseite gesetzten Links auf rechtswidrige Inhalte wurde von uns das letzte Mal am 03.04.2018 (soweit es uns m\u00f6glich war) durchgef\u00fchrt (Linktiefe, Weiterverlinkung etc.). Mit dem Urteil vom 12.05.1998 \u2013 312 O 85\/98 \u2013 \u201cHaftung f\u00fcr Links\u201d hat das Landgericht Hamburg entschieden, dass man durch die Anbringung eines Links, die Inhalte der gelinkten Seite ggf. mit zu verantworten hat. Dieses kann nur dadurch verhindert werden, dass man sich ausdr\u00fccklich von diesen Inhalten distanziert. Sollte irgendein Link auf unseren Seiten auf illegales Material \u2013 in welcher Form auch immer \u2013 verweisen, \u00fcbernehmen wir hierf\u00fcr keine Verantwortung und wir distanzieren uns ausdr\u00fccklich von s\u00e4mtlichen Inhalten, aller auf unserer Homepage enthaltenen gelinkten Seiten inklusive aller Banner und Werbetafeln und machen uns diese Inhalte nicht zu eigen.<\/p>\n<p><strong>Datenschutzerkl\u00e4rung:<\/strong><\/p>\n<p>Die Betreiber dieser Seiten nehmen den Schutz Ihrer pers\u00f6nlichen Daten sehr ernst. Wir behandeln Ihre personenbezogenen Daten vertraulich und entsprechend der gesetzlichen Datenschutzvorschriften sowie dieser Datenschutzerkl\u00e4rung. Die Nutzung unserer Webseite ist in der Regel ohne Angabe personenbezogener Daten m\u00f6glich. Soweit auf unseren Seiten personenbezogene Daten (beispielsweise Name, Anschrift oder E-Mail-Adressen) erhoben werden, erfolgt dies, soweit m\u00f6glich, stets auf freiwilliger Basis. Diese Daten werden ohne Ihre ausdr\u00fcckliche Zustimmung nicht an Dritte weitergegeben. Wir weisen darauf hin, dass die Daten\u00fcbertragung im Internet (z.B. bei der Kommunikation per E-Mail) Sicherheitsl\u00fccken aufweisen kann. Ein l\u00fcckenloser Schutz der Daten vor dem Zugriff durch Dritte ist nicht m\u00f6glich. Die Internetseiten verwenden teilweise so genannte Cookies. Cookies richten auf Ihrem Rechner keinen Schaden an und enthalten keine Viren. Cookies dienen dazu, unser Angebot nutzerfreundlicher, effektiver und sicherer zu machen. Cookies sind kleine Textdateien, die auf Ihrem Rechner abgelegt werden und die Ihr Browser speichert. Die meisten der von uns verwendeten Cookies sind so genannte \u201eSession-Cookies\u201c. Sie werden nach Ende Ihres Besuchs automatisch gel\u00f6scht. Andere Cookies bleiben auf Ihrem Endger\u00e4t gespeichert, bis Sie diese l\u00f6schen. Diese Cookies erm\u00f6glichen es uns, Ihren Browser beim n\u00e4chsten Besuch wiederzuerkennen. Sie k\u00f6nnen Ihren Browser so einstellen, dass Sie \u00fcber das Setzen von Cookies informiert werden und Cookies nur im Einzelfall erlauben, die Annahme von Cookies f\u00fcr bestimmte F\u00e4lle oder generell ausschlie\u00dfen sowie das automatische L\u00f6schen der Cookies beim Schlie\u00dfen des Browsers aktivieren. Bei der Deaktivierung von Cookies kann die Funktionalit\u00e4t dieser Website eingeschr\u00e4nkt sein. Der Provider der Seiten erhebt und speichert automatisch Informationen in so genannten Server-Log Files, die Ihr Browser automatisch an uns \u00fcbermittelt. Dies sind: (Browsertyp und Browserversion, verwendetes Betriebssystem, Referrer URL, Hostname des zugreifenden Rechners, Uhrzeit der Serveranfrage) Diese Daten sind nicht bestimmten Personen zuordenbar. Eine Zusammenf\u00fchrung dieser Daten mit anderen Datenquellen wird nicht vorgenommen. Wir behalten uns vor, diese Daten nachtr\u00e4glich zu pr\u00fcfen, wenn uns konkrete Anhaltspunkte f\u00fcr eine rechtswidrige Nutzung bekannt werden. Diese Seite nutzt aus Gr\u00fcnden der Sicherheit und zum Schutz der \u00dcbertragung vertraulicher Inhalte, wie zum Beispiel der Anfragen, die Sie an uns als Seitenbetreiber senden, eine SSL-Verschl\u00fcsselung. Eine verschl\u00fcsselte Verbindung erkennen Sie daran, dass die Adresszeile des Browsers von \u201chttp:\/\/\u201d auf \u201chttps:\/\/\u201d wechselt und an dem Schloss-Symbol in Ihrer Browserzeile. Wenn die SSL Verschl\u00fcsselung aktiviert ist, k\u00f6nnen die Daten, die Sie an uns \u00fcbermitteln, nicht von Dritten mitgelesen werden.<br \/>\nQuelle: e-recht24.de.<\/p>\n","protected":false},"excerpt":{"rendered":"<p>Domaininhaber Karsten Hentrup Am Friedrich 12 52074 Aachen Fon: 0160 4743727 E-Mail: hentrup(at)forefront-tmg(dot)de Umsatzsteuer-ID: DE 238785406 Die Informationen auf unserer Webseite d\u00fcrfen weitergegeben werden, solange dies unentgeltlich, vollst\u00e4ndig und UNVER\u00c4NDERT unter Angabe der Herkunft geschieht. Eine weitere Weitergabe, Vervielf\u00e4ltigung und Verwertung, auch in Teilen, bedarf unserer vorherigen schriftlichen Zustimmung. Nachdruck, \u00dcbersetzung, Speicherung sowie sonstige Verwertung von Texten, Bildern und sonstigen Inhalten unserer Webseite sind nur mit unserer schriftlichen Genehmigung erlaubt. Wichtiger Hinweis: Die \u00dcberpr\u00fcfung der auf dieser Webseite gesetzten Links&#8230;<\/p>\n<p class=\"read-more\"><a class=\"btn btn-default\" href=\"https:\/\/blog.forefront-tmg.de\/?page_id=10\">Weiterlesen<span class=\"screen-reader-text\"> Weiterlesen<\/span><\/a><\/p>\n","protected":false},"author":2,"featured_media":0,"parent":0,"menu_order":1,"comment_status":"open","ping_status":"closed","template":"","meta":{"footnotes":""},"class_list":["post-10","page","type-page","status-publish","hentry"],"_links":{"self":[{"href":"https:\/\/blog.forefront-tmg.de\/index.php?rest_route=\/wp\/v2\/pages\/10","targetHints":{"allow":["GET"]}}],"collection":[{"href":"https:\/\/blog.forefront-tmg.de\/index.php?rest_route=\/wp\/v2\/pages"}],"about":[{"href":"https:\/\/blog.forefront-tmg.de\/index.php?rest_route=\/wp\/v2\/types\/page"}],"author":[{"embeddable":true,"href":"https:\/\/blog.forefront-tmg.de\/index.php?rest_route=\/wp\/v2\/users\/2"}],"replies":[{"embeddable":true,"href":"https:\/\/blog.forefront-tmg.de\/index.php?rest_route=%2Fwp%2Fv2%2Fcomments&post=10"}],"version-history":[{"count":15,"href":"https:\/\/blog.forefront-tmg.de\/index.php?rest_route=\/wp\/v2\/pages\/10\/revisions"}],"predecessor-version":[{"id":1510,"href":"https:\/\/blog.forefront-tmg.de\/index.php?rest_route=\/wp\/v2\/pages\/10\/revisions\/1510"}],"wp:attachment":[{"href":"https:\/\/blog.forefront-tmg.de\/index.php?rest_route=%2Fwp%2Fv2%2Fmedia&parent=10"}],"curies":[{"name":"wp","href":"https:\/\/api.w.org\/{rel}","templated":true}]}}